ens digit of (8/t)/(2/30)?
1
What is the tens digit of (2 - -1738 - (-1 - 3))/2?
7
Let u be 189*2 - (4 + -4). Suppose -99 = -3*v + u. What is the hundreds digit of v?
1
Let t be 2/(-6) + 421/3. Suppose -2*r - 4*m = t, -5*r + 198 = -8*r - 2*m. Let o = -35 - r. What is the units digit of o?
9
Let d(k) = -k**2 + 14*k + 14. Suppose h = 11 + 3. What is the units digit of d(h)?
4
Let v = 4 - 22. What is the tens digit of 2/(-9) + (3544/v)/(-4)?
4
Suppose p + 342 = 3*p. What is the units digit of p?
1
Let s be ((-8)/(-12))/((-6)/(-171)). Suppose 4*k - 2*k - 8 = 4*t, s = -4*k + t. What is the units digit of k/(-10) + (-4)/(-10)?
1
Suppose x + 3*c + 264 = -217, -5*x + c = 2437. Let i = -329 - x. What is the hundreds digit of i?
1
Suppose 14*n - 5*q = 17*n - 11069, 0 = 5*n - 5*q - 18435. What is the thousands digit of n?
3
What is the tens digit of (-11)/((-11)/174)*6/9?
1
Suppose 0 = -2*v - v + 12. Suppose -g + v*c + 25 = 3, 0 = 3*g - 5*c - 45. What is the tens digit of g?
1
What is the units digit of (-2)/(-9) - 6582/(-27)?
4
Let w(t) = 137*t**2 + 3*t - 1. Let z be w(2). Suppose 0 = 4*q + j + 380, j - 79 + z = -5*q. Let m = 146 + q. What is the tens digit of m?
5
Suppose -8*o + 178 - 50 = 0. Suppose -o = t - 56. What is the tens digit of t?
4
Let w be (-3)/2*(1 - 3). Suppose -3*v = -4*y + 37, -y - 11 = v - w*y. What is the units digit of (-2 + (-2)/(-6))*v?
5
Let b(w) = w**2 - w + 67. Let q be b(0). What is the units digit of 2*(q/2)/1?
7
Let s = 2014 - 1182. What is the tens digit of s?
3
Let i = 2020 + -1392. What is the tens digit of i?
2
Let p(d) = -d**3 - 8*d**2 - 3*d - 20. Let l be p(-8). What is the tens digit of 105/10*8 + (1 - l)?
8
Suppose 3*a + 16 = -131. Let t = 34 + a. What is the units digit of t/(-20) - 42/(-8)?
6
Let q = 327 - -150. What is the tens digit of q?
7
Let a = 82 - 55. Let b(y) = -y**3 + 5*y**2 + 8*y - 8. Let s be b(6). What is the units digit of a/(0 - (-3)/s)?
6
Let c(p) = -p**3 + 13*p**2 + 16*p - 14. Suppose 0*x = x - 2. Suppose 2*b = -x*b + d + 57, 0 = b - d - 15. What is the units digit of c(b)?
4
Let k(y) = -1. Suppose w - 4 = 2*d, 25 = -5*w - 7*d + 2*d. Let j(a) = a**3 - 6*a**2 + 3*a + 5. Let z(v) = w*k(v) + j(v). What is the tens digit of z(6)?
2
Suppose 0 = 3*a - 68 - 7. Let o = a - 24. What is the tens digit of (o + 5)*85/10?
5
Let i = 0 + -2. Let b be 50/(-5) + 14 - 7*-3. Let m = i + b. What is the units digit of m?
3
Let d(j) = 12*j**2 - 5*j - 6. Let k be d(-6). Suppose 3*p - 36 = 5*z, 9 = 3*p + 15*z - 11*z. What is the tens digit of k/p + 8/(-56)?
6
Let s(v) = 12*v - 2. Let p(t) = -t**3 - 10*t**2 - 11*t - 21. Let j be p(-9). Let w(l) = -2*l**2 - 6*l + 4. Let m be w(j). What is the tens digit of s(m)?
4
Let u be 2/(-3)*(59 - -1). Let j = 7 - u. What is the units digit of j?
7
Let g(r) = -4*r**2 + 0*r**2 + 0*r**2 + 5*r**2 + 3 + 6*r. Let f be g(-6). Suppose -5*a = -4*a + 5*b - 90, 5*b = -f*a + 220. What is the tens digit of a?
6
Suppose 7 + 9 = -k. Let o = k - -21. Suppose 0 = -2*d + o + 65. What is the units digit of d?
5
Let v = -1047 - -3494. What is the thousands digit of v?
2
Let j be (-9)/(-5) + 3/15. Let u = -3 + 28. Suppose j*s - 5*b = u, 5*b + 5 = s - 10. What is the units digit of s?
0
Let p(d) = -d**3 - d**2 - d. Let k(j) = 3*j**3 + 11*j**2 + 3*j + 1. Let h(q) = k(q) + 2*p(q). What is the units digit of h(-8)?
7
What is the thousands digit of ((-3)/(-7))/3 + 72189/63?
1
Suppose -48*j = -43*j - 60. Suppose -j*y = -5*y - 434. What is the units digit of y?
2
Suppose 0*z + z = -g - 6, 2*z - 3 = 3*g. Let n(h) = 4*h**2 + h + 9. Let i(r) = r**2 + 2. Let b(f) = 9*i(f) - 2*n(f). What is the tens digit of b(z)?
1
Suppose 6*g - g = 0. Suppose z - 3*v + 7*v = 17, 2*z - v - 7 = g. What is the units digit of z?
5
Suppose -4*r + v - 6*v = -24, 18 = 3*r - 3*v. Suppose -132 + r = -3*x. What is the units digit of x?
2
Let i be (-205)/15*(-4 + 1). Let a = -7 + i. What is the units digit of a?
4
Let s(y) = 2*y**3 + 0*y**3 - y**2 - y**3 + 1 - 6*y**2. Let g be s(5). Let n = -36 - g. What is the units digit of n?
3
Suppose -j = 5*f - 12771, 13*f - 11*f = 4*j + 5104. What is the tens digit of f?
5
Let h(m) be the third derivative of -5*m**4/6 - m**3/3 + 153*m**2. Let s be 3/((-2)/2) - -2. What is the units digit of h(s)?
8
Suppose 2*s - 3*m = -2*m + 12, s - 2*m = 12. What is the tens digit of (35*1)/(2/s)?
7
Let f(b) = 22*b**2 - 16*b + 92. What is the thousands digit of f(8)?
1
Let u = -3866 + 6254. What is the thousands digit of u?
2
Let k = -70 + 73. Suppose -f + 2*d + 158 = 0, k*d = -4*f + 4*d + 667. What is the hundreds digit of f?
1
Let z(y) = -y**3 + 5*y**2 + 6*y + 7. Let h(p) = 3*p + p + 2*p + 13 - 5*p. Let c be h(-7). What is the units digit of z(c)?
7
Let j(z) = -z - 60. Let o(v) = -v - 59. Let r(g) = 4*j(g) - 5*o(g). What is the units digit of r(-11)?
4
Let w be 5*2/25*5. Suppose -5*u = -w*u - 15. Suppose u*y - 125 = 135. What is the units digit of y?
2
Suppose 19*a + 5*a = 12432. What is the tens digit of a?
1
What is the units digit of (-21310)/(-12) - 91/(-546)?
6
Suppose 0 = -n - 17 + 2. Let y be (-10)/n*(3 + 0). What is the units digit of (2 + 7)/(2/y)?
9
Let t(y) = -6*y**3 - 8*y**2 - 11*y + 7. What is the tens digit of t(-4)?
0
Suppose -3*j - 46 + 16 = 0. Let k = j - -13. Suppose k*w + 0*m - m - 38 = 0, -4*w + 50 = -2*m. What is the tens digit of w?
1
Suppose -3*t + 5*v = -4*t + 1605, 4*v + 3238 = 2*t. What is the thousands digit of t?
1
Let l be 1/2*(-9 - -9). Suppose 5*t = 2*u - 241, l = -u + 2*u - 4*t - 125. What is the hundreds digit of u?
1
What is the tens digit of 4 - (-2412 - -11) - -11?
1
Let c = 877 - -743. What is the tens digit of c?
2
Let b be (1 - 2)*(-2 - 3). Let x(v) = 2*v - 5. Let k be x(b). Suppose 2*f = -k*m + m + 12, 0 = -5*f - 10. What is the units digit of m?
4
Suppose -9*r + 168 = -5*r. Suppose r = 4*c - 70. What is the tens digit of c?
2
Let u(g) = -10*g**2 + 6*g + 3. Let t(k) = 19*k**2 - 11*k - 6. Let p(j) = 6*t(j) + 11*u(j). What is the units digit of p(-3)?
3
Suppose 0 = 4*s + 5*n - 136, 8*s - 183 = 3*s - 3*n. Suppose 3*d + s = 234. Suppose d = 3*c + 5. What is the units digit of c?
0
Let l(j) = 101*j**2 - 4*j + 3. What is the units digit of l(1)?
0
Let b = 443 + 541. What is the tens digit of b?
8
Suppose 0 = -0*v - v - 2. Let x be 2 - (3 + v) - -26. Suppose m - 5*z = x, -m + z - 9 = 5*z. What is the units digit of m?
7
Let x = 53 - 51. What is the units digit of (3 - 4) + 40 + -1 + x?
0
Let v(p) = -2*p + 7. Let r be v(4). Let s = r + 3. Suppose -s*l - 126 = -4*b, -3*b - 5*l + 102 = -4*l. What is the tens digit of b?
3
Let s(a) = -3*a + 6. Let i be s(4). Let c = 8 + i. Suppose -32 = -c*k + 2*u, 2*u = -5*k + u + 56. What is the tens digit of k?
1
Let f(u) = 0*u - 3*u - 13 + 8 + u. Let h be f(-5). Suppose -h*x + 15 = 0, q - 3*q + 52 = 2*x. What is the units digit of q?
3
Suppose 6*k + 2 = r + 3*k, 0 = 4*k - 4. Let a be r/(-3) - 4/(-6). Let i = 6 - a. What is the units digit of i?
7
Let n = -1331 - -3750. What is the hundreds digit of n?
4
Let n be 20 + 2*(2 + -1). Suppose -2*c + 13 = q, 0 = c + 4*c - 2*q - 10. What is the tens digit of (c/4)/(1/n)?
2
Suppose -2*z + 2*l = z - 2, -z + 24 = 4*l. Let p(y) = 3*y + 42. Let g be p(-13). Suppose z = g*j - 2. What is the units digit of j?
2
Let k be (3/(-2))/(10/(-40)) + 6. Let r(n) = n**3 - 5*n**2 + 3. Let w be r(5). Suppose 0 = -w*t + k + 9. What is the units digit of t?
7
Suppose -9 = 4*p - 45. Suppose 0 = -2*k + p + 5. What is the units digit of 3 - (2 + k*-4)?
9
Let o be 1/2*(11 - (-28)/(-4)). Let i = 7 - 4. Suppose -7*r + 64 = -3*r + 4*m, o*r - i*m - 32 = 0. What is the tens digit of r?
1
Let g be (-21*2/(-15))/(2/90). Suppose 0 = 5*d + 2*i - 7 - g, 3*d - 5*i - 86 = 0. What is the units digit of d?
7
Suppose 128 + 94 = a. What is the units digit of a?
2
Let f = 30 + -25. Suppose 2*a - 16 = -4*g, 0 = -2*g - 0*a + f*a + 8. What is the units digit of g?
4
Let h(i) = -i**3 - i**2 + 10*i - 3. Let w be h(-4). Suppose -2*g + w*g = 327. What is the tens digit of g?
0
What is the units digit of (-2)/(-6)*17/(17/942)?
4
Suppose 112*m + 29*m = 475452. What is the thousands digit of m?
3
Suppose 5*r + 3*o = 4195, -3673 = -4*r - 2*o - 319. What is the tens digit of r?
3
Suppose 0 = 3*x + 3*j + 12, 0*j + j + 8 = -2*x. Let f(a) = -a**2 - 5*a. Let s 